Suppose 2*a - 3*a + 2 = 0. Let k = -16 - -19. Suppose -2*d + s = k*d - 52, a*d + 4*s = 12. What are the prime factors of d?
2, 5
Suppose -17*q + 7824 = 38. List the prime factors of q.
2, 229
Suppose 3*m = 3*h - 0*m, 6 = 4*h - 2*m. List the prime factors of 55 + (h - (3 - 0)).
5, 11
Suppose 3*r - 2*r = 241. Let s = 455 - r. List the prime factors of s.
2, 107
Suppose 5*c + 306 = -544. Let z = -99 - c. Suppose m - 5*i + i - 44 = 0, 5*i - z = -4*m. What are the prime factors of m?
2, 3
Let x(p) be the third derivative of p**4/12 - p**3/3 - 4*p**2. Let r be x(2). List the prime factors of -3 - (3*-5 - r).
2, 7
Let c(w) = -395*w + 15. What are the prime factors of c(-2)?
5, 7, 23
Let t(s) be the second derivative of s**4/12 - 3*s**3/2 - 13*s**2/2 - 20*s - 2. What are the prime factors of t(-7)?
3, 11
Suppose -29791 = -19*w + 49667. What are the prime factors of w?
2, 3, 17, 41
Let b(f) = f**2 + 6*f + 6. Let i be b(-5). Let g(x) = -1 + 2*x - 18*x**3 - 2*x**2 + 73*x**3 - 23*x**3 - 14*x**3. What are the prime factors of g(i)?
17
Let o(u) = -20*u. Let i(x) = 1. Let s(l) = -i(l) + o(l). List the prime factors of s(-4).
79
Suppose -110*d = -104*d - 24. Suppose 0*b - 12 = -d*b, s + 5*b - 191 = 0. List the prime factors of s.
2, 11
Let k(n) = 81*n**3 + 2*n**2 + n - 6. List the prime factors of k(2).
2, 163
Let j = -243 - -168. Let a = -11 + -4. Let u = a - j. What are the prime factors of u?
2, 3, 5
Let q(u) = 6*u - 17 - 11*u - u**2 + 0*u - 7*u. Let a be q(-7). List the prime factors of 4/a - 1216/(-36).
2, 17
Suppose 5*k + w - 30484 = 0, 4*k - 442*w = -446*w + 24384. List the prime factors of k.
7, 13, 67
List the prime factors of -7 - 123*((-132)/18 - -1).
2, 193
Let g(m) = 5 - 47*m - 2 - m + 26*m. List the prime factors of g(-2).
47
Suppose -4*p + 856 = 2*w, 7*w = -3*p + 3*w + 637. What are the prime factors of p?
5, 43
List the prime factors of (-5258)/(-8) - 33/(-44).
2, 7, 47
Let d(r) = -r + 20. Let o be ((-4)/(-3))/((-11)/(-198)). Suppose 0 = -3*n + 27 + o. List the prime factors of d(n).
3
Let d = -94 + 716. List the prime factors of d.
2, 311
Let u = 444 - -474. What are the prime factors of u?
2, 3, 17
Suppose -284 = 5*l - 304. Let b be 1/(-3) + (-14)/(-6). Suppose b*s - l*x = -0*x + 56, 3*x - 84 = -2*s. List the prime factors of s.
2, 3
Suppose -2430 = -5*o + 4*a, 5*o - 3*a - 440 = 1985. List the prime factors of o.
2, 241
Let a(u) = -u**2 + 3*u + 2. Let m be a(3). Suppose -m*w + 40 = -0*w. What are the prime factors of 15/w + (-327)/(-12)?
2, 7
Suppose 410 = 6*r + 4*r. List the prime factors of r.
41
Suppose 422*p = 414*p + 4328. What are the prime factors of p?
541
Let d(m) = m**2 + 7*m - 6. Let n be d(5). Let q = n + -33. List the prime factors of q.
3, 7
Suppose -2*y + u = -2*u - 169, 0 = -5*y + 5*u + 425. Suppose 5*m - y - 9 = 0. What are the prime factors of m?
19
Let l be (1 + 2)*(-6 - -7). Let b(q) = -3*q + 7. Let f be b(l). Let c = 10 + f. What are the prime factors of c?
2
Suppose 19*c = 18*c + 414. What are the prime factors of c?
2, 3, 23
Suppose 3*k = -6, 0 = 5*h - 2*k - 162 - 2. Suppose x = 3*z + h, 5*x - 3*x - 24 = -2*z. Let y = x + 9. List the prime factors of y.
2, 13
Let i = 1177 + -680. Suppose -5*d - 6*p = -2*p - i, 2*p = -4. List the prime factors of d.
101
Let a(n) = 77*n**2 + 25*n + 91. List the prime factors of a(-6).
2713
Let p(n) = 31*n**2 - 3*n - 15. List the prime factors of p(14).
13, 463
Suppose 2154 = 4*w + 2*z - 1406, 0 = -4*w - z + 3562. What are the prime factors of w?
3, 11
Suppose -10*i + 5041 = -979. List the prime factors of i.
2, 7, 43
Let j = -207 + 104. Suppose 2*f = -0*f + 344. Let l = f + j. What are the prime factors of l?
3, 23
Let w(d) be the third derivative of d**4/24 - 3*d**3/2 + 12*d**2. Let k be w(3). What are the prime factors of (225/k)/((-3)/4)?
2, 5
Suppose v - 115 = 140. Suppose -3 - 2 = -5*o, -v = -2*a + 5*o. What are the prime factors of a?
2, 5, 13
Let y(k) = -k**3 + 6*k**2 - 1. Let q be y(6). Let d be 3*1*(q - -14). Suppose 3*p = o - 0 - d, -3*o + p = -85. What are the prime factors of o?
3
Let q(g) = 4*g + 10. Suppose 17 = u - 2*m, 0 = -5*u + 4*m + m + 65. What are the prime factors of q(u)?
2, 23
Suppose 17 = -3*x + 23. Let q = 6 + 2. Suppose -x*r + r + q = 0. List the prime factors of r.
2
Let k = 20 - 35. Let y = -13 - k. Suppose -t + 1 = -y. What are the prime factors of t?
3
Let n(x) = x**2 + 4*x + 4. Let t be ((-2 - -1)*-3)/(2/6). What are the prime factors of n(t)?
11
Let h be (105/(-21))/((-5)/3). Suppose 115 = 5*c - 8*s + 3*s, 3*s - h = 0. List the prime factors of c.
2, 3
Let p(w) = -w**3 + 13*w**2 + 13*w + 20. Let m be 5*((-28)/(-10) + 0). Let b be p(m). Suppose 0 = d + b*i - i - 2, 0 = -5*i. List the prime factors of d.
2
Suppose 0 = -4*j + j. Suppose j = -2*w + 6*w - 8. Suppose 0 = -w*g + 3*g - 11. What are the prime factors of g?
11
Let b(x) = -2. Let s(d) = 6*d - 57. Let o(g) = -9*b(g) + s(g). What are the prime factors of o(20)?
3
Suppose 0 = 4*w - 306 - 350. Suppose n = -5*x + w, -4*n = x - 363 - 236. List the prime factors of n.
149
Let u = -13 - -15. Let l(d) = -d**2 - 6*d - 6. Let r be l(-4). Suppose x = u*n - 2 + 1, -r*n + 11 = x. What are the prime factors of x?
5
Let c = -52 - -143. Let w = 134 - c. Let m = 23 + w. List the prime factors of m.
2, 3, 11
Let o(p) = -p**2 - 3*p. Let w(i) = 5*i**2 + 13*i. Let f(n) = n + 9. Let m be f(0). Let v(a) = m*o(a) + 2*w(a). List the prime factors of v(-4).
2, 5
Suppose 0 = 4*k - 3*k. Let y(n) = -4 + n + 3*n - 3*n + k + n**2. List the prime factors of y(-6).
2, 13
Let q = -29 - -31. Suppose -3*i = -4*o + i + 292, 4*o - q*i - 286 = 0. List the prime factors of o.
2, 5, 7
Suppose -l - 14 = 26. What are the prime factors of 135/2*(-32)/l?
2, 3
Let h(i) = -i**2 + i + 1. Let v(k) = -k**3 + 5*k**2 - k - 8. Let w(d) = -2*h(d) - v(d). Let z be 1*(-3)/3*-3. What are the prime factors of w(z)?
3
Suppose -96 = 6*p - 4*p - 4*m, 0 = m + 4. Let a = 23 - p. List the prime factors of a.
79
Let r = 273 - -346. What are the prime factors of r?
619
Let a(z) = z + 3. Let q = -9 - -9. Let b be a(q). Suppose b*r + 0*h = 4*h + 53, -3*h = -5*r + 92. List the prime factors of r.
19
Let o(y) = 75*y**2 + 13*y + 66. List the prime factors of o(-5).
2, 7, 67
Let z(c) = 34*c**3 - 7*c**2 + 4*c + 22. What are the prime factors of z(4)?
2, 1051
Let g = -158 + 227. Let k = 232 - g. List the prime factors of k.
163
What are the prime factors of ((-543)/9 + 1)*6/(-4)?
89
What are the prime factors of ((-695)/(-2))/5*2?
139
Suppose 3*l + 157 = n, -3*n + 2*l + 732 - 261 = 0. Let f = n + -47. Suppose 14*r = 9*r + f. List the prime factors of r.
2, 11
Let c(z) = 38 - 5*z - 11*z + 18*z. What are the prime factors of c(20)?
2, 3, 13
Suppose 0*d + 5*d - 1230 = 0. Let c be (8/(-6))/((-4)/d). Let q = c - 57. What are the prime factors of q?
5
Suppose -4 = -5*d - 9. What are the prime factors of (2/(-2))/(d/2)?
2
Let m(l) = -18*l - 8. Let u(v) = 35*v + 17. Let y(n) = -9*m(n) - 4*u(n). Let b be y(8). What are the prime factors of (2/5)/(3/b)?
2, 3
Suppose 2*a = 4*a - 20. Suppose a = d - 7. Let k = -5 + d. List the prime factors of k.
2, 3
Let v(n) = 5*n + 29. Let i be v(6). Suppose i*j + 154 = 60*j. List the prime factors of j.
2, 7, 11
Let m = -27 - -21. Let o be (-60)/(-18)*(-27)/m. Suppose l + 5*a - 31 = 4, l + o = 5*a. List the prime factors of l.
2, 5
List the prime factors of 973 - -1 - (-42)/6.
3, 109
Suppose -854 = -2*i + 4*p, 4*i + p = 2*i + 829. List the prime factors of i.
3, 139
Let b = -2 - -2. Let t = -4 - -13. Let i = t + b. List the prime factors of i.
3
Suppose -10*g = -2*g - 2912. What are the prime factors of g?
2, 7, 13
Suppose 4*n - 5*b - 103 = 0, -2*n + 5*b + 38 = -11. Let d be (-6)/n - 34/9. Let k(z) = -z**3 - 3*z**2 - 4. List the prime factors of k(d).
2, 3
Suppose -2*w = w - 24. Suppose -q = -0 - w. Let s(g) = 2*g**2 - 10*g - 4. What are the prime factors of s(q)?
2, 11
Suppose 6*w + 13812 = 18*w. Suppose -t + w = 7*g - 2*g, 5*t = -g + 211. What are the prime factors of g?
3, 7, 11
Let l be (-2)/(3*1/6). List the prime factors of l/(-18) - (-1 + 2642/(-18)).
2, 37
Let a be ((-6)/(-3))/(1/2). Let d = a + -13. Let r = 55 + d. What are the prime factors of r?
2, 23
Suppose 10562 = 4*z + 2*m, -5*z - 4*m + 6417 + 6778 = 0. What are the prime facto